
-3
Let j(m) = -4*m + 100. Let o(g) = -g + 27. Let k(z) = 6*j(z) - 22*o(z). Calculate k(-6).
18
Let y(m) be the first derivative of -8*m**3/3 - m**2/2 + 3*m + 142. What is y(2)?
-31
Let j(a) = -a - 11. Let r(x) = -x**3 + 38*x**2 - 73*x + 36. Let c be r(36). Give j(c).
-11
Let g(z) = z**2 + 4*z - 4. Suppose 2*k = -h - 2, 4*k + 2 = 10. Give g(h).
8
Suppose 3*o + 4 - 19 = 0. Let m(r) = -r**3 + 4*r**2 + 6*r - 4. Let v be m(o). Let g(x) be the third derivative of 7*x**5/30 - x**4/24 + 5*x**2. Determine g(v).
13
Let t(m) = -m**2 - 2*m**2 - 11 + 2*m**2 - 10*m. Let u be t(-8). Suppose 6 = u*a + 1. Let f(x) = 2*x**3 - 2*x**2 + 1. What is f(a)?
1
Let d(r) = -r**3 - 6*r**2 - 4*r - 1. Let v(q) = q**3 + 5*q**2 - 7. Let f be v(-3). Let b = -27 - -11. Let z = f + b. Determine d(z).
-6
Let o(v) = 3*v**2 + 2. Let f be o(-2). Suppose 0 = 28*p - 30*p - f. Let c(n) be the second derivative of n**5/20 + n**4/2 - n**3 + 9*n**2/2 + 3*n. What is c(p)?
2
Let v(n) = 4*n**3 + n**2 + 2*n - 2. Let l(f) = 4*f**3 + f**2 + f - 1. Let k(q) = 3*l(q) - 2*v(q). Suppose -6*r = 82 - 88. Calculate k(r).
5
Let z(s) = -s**2 - 25*s - 99. Let t be z(-5). Let x(i) = -15*i. Let h(w) = -61*w. Let f(m) = -2*h(m) + 9*x(m). Give f(t).
-13
Let k(y) be the first derivative of -17*y**4/4 - y**2/2 + 1. Suppose 122 = 13*o - 294. Let j = o - 31. Determine k(j).
-18
Suppose -3*m + 5 = -t, 2*t - t = 4*m - 7. Let j = 18 + -16. Let l(c) = -c**2 + 2*c**2 + 4*c - m - c**3 + j*c - 3*c. Calculate l(2).
0
Let l(b) be the third derivative of b**2 - 1/6*b**4 + 0*b - 1/2*b**3 + 0. What is l(-2)?
5
Let s(l) = -13*l**2 - 1 + 4*l**2 + l + 0*l + 58*l**2. Determine s(1).
49
Let x = 137 + -135. Let q(n) be the second derivative of -1/2*n**3 - 1/12*n**4 + 10*n - n**x + 0. Calculate q(-2).
0
Let v(n) = n + 5. Let l be v(-7). Let x(a) = -3*a + 13. Let t(j) = -2*j + 7. Let z(k) = -5*t(k) + 3*x(k). Calculate z(l).
2
Let p(u) = -3*u**2 + 1. Let x be p(1). Let w(o) = 7*o + 4. Let t(m) = 30*m + 17. Let f(r) = 2*t(r) - 9*w(r). Calculate f(x).
4
Let o(g) = -g - 1. Let w be (3/(-6))/((-4)/160). Suppose -28 = 6*f + w. Determine o(f).
7
Let z(u) = -5*u**3 - 3*u**2 - 3*u - 13. Let s(g) = -6*g**3 - 4*g**2 - 4*g - 13. Let n(a) = 4*s(a) - 5*z(a). Calculate n(0).
13
Suppose 2*a - 7 = -5*a. Let k(x) = 14 + a - 2*x - 3. Determine k(8).
-4
Suppose -3*h = 4*n - 22, -h = -69*n + 70*n - 6. Let p(o) be the second derivative of -o**4/12 + o**3/2 + o**2 - o. Give p(n).
-2
Let h(k) = k**3 + k - 7. Let p = 0 + 3. Let f(u) = u**2 - p + 3 + 3*u + 2. Let j be f(-2). Give h(j).
-7
Let v = -3 - -3. Suppose v = 5*y + 10. Let i(x) = -2*x**2 - 7*x - x**3 + 0*x**2 + 7*x. Determine i(y).
0
Let o(t) be the second derivative of t**5/20 + t**4/12 - t**3/6 + 2*t**2 + 2*t + 133. Determine o(-2).
2
Let m(z) be the first derivative of 2*z**3/3 + 3*z**2/2 + 2*z + 1. Suppose 0 = -5*u - 2*l - 6, -11 + 7 = 6*u + 4*l. Give m(u).
4
Suppose -y = a + 3, 3*y - a + 2*a + 1 = 0. Let p(g) = -g - 5. Let t(k) = 2*k + 17. Let n be t(-11). Let x(s) = s + 4. Let h(m) = n*x(m) - 4*p(m). What is h(y)?
-1
Let d(y) = 4201*y + 4207*y - 8399*y - 5. What is d(2)?
13
Let p(n) = -7*n - 1. Let y(j) = j - 18. Let v be y(20). Let k(h) = h - 4. Let t be k(v). Give p(t).
13
Let b(l) = 3*l. Let w(j) = -52*j. Let n(s) = -26*b(s) - 2*w(s). Calculate n(-1).
-26
Let b(s) be the second derivative of -s**6/360 - s**5/20 + s**4/8 - 23*s**3/6 + 13*s. Let r(k) be the second derivative of b(k). Determine r(-5).
8
Let q(m) = -2*m**2 + 3*m + 3. Let x be (20/6)/(16*7/168). Give q(x).
-32
Let t(l) be the second derivative of -l**3/6 - 11*l**2/2 - 2*l - 14. Calculate t(-5).
-6
Let q = 1113 - 1119. Let l(p) = -p**3 - 7*p**2 - 5*p + 4. Calculate l(q).
-2
Let a(i) = -2*i + 3. Let t(v) = v**2 + 9*v + 16. Let x be t(-6). Let p(u) = -u + 1. Let k(m) = x*p(m) - a(m). Calculate k(4).
11
Let j(s) be the second derivative of s**4/12 - 13*s**3/6 + 3*s**2 - 97*s. Determine j(9).
-30
Suppose 70*k - 110 = 60*k. Let z(v) = -v**3 + 12*v**2 - 11*v - 5. Give z(k).
-5
Suppose w - 10 = -5*m + 4, 4*w - 128 = -2*m. Let z(p) = -9 + 4*p**2 + 5*p - 19 - 4*p**3 + 3*p**3 + w. Let u(a) = -a**2 + 9*a - 9. Let c be u(7). Determine z(c).
6
Let l(r) = 19*r + 32 + r**2 + 6*r - 38*r - 5*r. Give l(16).
0
Let g(q) be the third derivative of -q**4/24 - q**3/6 - 5*q**2 + q. Suppose 2*l = 4, -3*l = -5*y - 0*l + 4. Let m be (28/6)/y*-3. Calculate g(m).
6
Let c(x) = -x**3 + 6*x**2 - 4*x - 2. Let u be (2/2)/((-15)/(-75)). What is c(u)?
3
Suppose 12 = u - 2*k + 4*k, 4*k + 12 = 4*u. Let g(z) = 4*z - 19. Let y be g(u). Let v(t) = -3*t + t + 3 - 4*t**2 - 2*t + t**3. Give v(y).
8
Let d(u) = -14*u + 11. Let q be d(1). Let i(w) = -3*w - 4. Calculate i(q).
5
Let h(z) be the first derivative of -3/2*z**2 + 6 + 0*z - 1/4*z**4 + 8/3*z**3. Let r(u) = -u**2 + u. Let k(p) = h(p) + 4*r(p). Give k(4).
4
Let o(z) = -z. Let s(i) = -i**2 + 3*i + 2. Suppose 32*k - 3 = 29*k. Let q(j) = k*s(j) + o(j). Calculate q(3).
-1
Let g(n) be the third derivative of -5*n**4/12 + n**3/3 + 58*n**2 - 6. What is g(-3)?
32
Let l(o) = -o - 10 + o**2 + 3*o - 8*o. Let u be (-1 - 3) + (9 - 6/(-2)). Give l(u).
6
Let g(i) = -48*i**3 + 1 - 5 - i + 8*i**3 + 11*i**3 + 4*i**2 + 30*i**3. Let s = -2 + -2. Give g(s).
0
Let w(j) be the first derivative of j**2 - 24*j - 162. Give w(7).
-10
Let z be 4 - (-8)/(-10)*(-45)/18. Let j(w) = w**2 - 6*w + 3. Give j(z).
3
Let y(m) be the first derivative of -m**2/2 - 16*m - 179. Give y(-21).
5
Let x be 20*(-5)/(-10) + 2 + 0. Suppose c - 8 = -x. Let p(r) = r**2 + 5*r + 4. What is p(c)?
0
Let v(g) = -3*g**2 + 40*g - 17. Let r(a) = -2*a**3 - 4*a**2 + 9*a - 15. Let z be r(-4). Give v(z).
-4
Let o(a) = a**2 - 6*a + 5. Suppose 3*k - 2*g - 22 = -2*k, 5*k + 2*g = 18. What is o(k)?
-3
Let q(b) = -2*b**2 + 67*b + 3*b**2 - 38*b + 30. What is q(-28)?
2
Let s(r) = 4*r**2 - 7*r + 7. Let k(b) = 11*b**2 - 21*b + 20. Let c(g) = 3*k(g) - 8*s(g). Let t(j) = -4*j + 12. Let o be t(2). Calculate c(o).
-8
Let c(l) = -2 + l - 2*l + 5*l. Determine c(6).
22
Let s be 1/(-3*(-2)/6). Let r(y) = -6*y**2 + 2*y - 9. Let u(t) = 30*t**2 - 11*t + 50. Let z(b) = -11*r(b) - 2*u(b). Determine z(s).
5
Let s(f) be the second derivative of -f**3 + f**2 - 64*f. Suppose -2*t = t - 6. Calculate s(t).
-10
Suppose -20 - 11 = -h. Let p = h - 27. Let x(g) = 5*g + 7 - 12 - p*g. What is x(4)?
-1
Let p(g) = g**2 + 6*g + 7. Let n(m) = m**3 + 3*m**2 + 7*m + 5. Let z be n(-2). Give p(z).
2
Suppose -4*w + 5 = -11. Suppose -3*h - 14 = w. Let x(m) = 4*m - 3*m**2 + 4*m**2 - 2 + 2*m. What is x(h)?
-2
Let p(b) = -3*b**2 - 10*b - 8. Let u(q) = q**2. Suppose 66*n = 71*n - 5. Let t(w) = n*p(w) + 2*u(w). What is t(-8)?
8
Let x(i) = -i**3 + 5*i**2 + 3*i + 2. Let r be x(4). Let m = r - 26. Let s(t) = t**3 + 0*t**3 + 3*t + m*t**2 + 5*t**3 - 3*t**3. Determine s(-2).
-14
Let r(k) = 7*k**3 - 8*k**2 + 6*k - 1. Let f(u) = 5*u**3 - 7*u**2 + 5*u - 1. Let d(t) = -3*f(t) + 2*r(t). What is d(2)?
7
Let y(m) = -m**2 + 7*m - 2. Let j be y(7). Let l be (-1)/(j/(4/(-2))*-1). Let t(n) = 11*n - 1. Determine t(l).
10
Let u(r) = -r**2 + 7*r + 3. Let n(x) = -59*x + 245. Let w be n(4). What is u(w)?
-15
Suppose -o + 4*r + 1 = -7, -5*r - 5 = 0. Let z(n) be the first derivative of -3*n - 16*n**2 - o + 18*n**2 + 4*n - 3*n. Determine z(2).
6
Let g(v) = -4*v**3 + v**2. Let w = -12 + 13. Let h be ((-14)/6)/(w/9). Let c be h/18 + 2/12. Calculate g(c).
5
Let t = 30 + -28. Let y(c) = -4*c - 4 - c - c**t + 2*c. Let o(j) = j**2 - 8*j + 9. Let p be o(6). Give y(p).
-4
Let g(r) = 13*r**2 - 6*r - 14. Let d(z) = -24*z**2 + 10*z + 27. Let m(w) = 6*d(w) + 11*g(w). Calculate m(-7).
1
Let j(l) = 4*l - 6. Suppose 9*h = 25 - 70. Let f(k) = k**2 - 3*k + 5. Let n(o) = h*f(o) - 4*j(o). What is n(-1)?
-5
Let l(u) = u - 2. Suppose -4*s + 12 = -7*s. Calculate l(s).
-6
Suppose 0 = l - 5, 0 = 3*y - 0*l - 3*l + 33. Let t(m) be the first derivative of -1/3*m**3 - 8*m - 4*m**2 + 4. What is t(y)?
4
Let p = -57 - -122. Let y = p + -55. Let i(g) = -g + 7. What is i(y)?
-3
Let g(u) be the first derivative of -u**3 - 5*u**2 - 21*u + 52. Let d(j) be the first derivative of g(j). Determine d(-7).
32
Let z(t) = -26*t**2 - 3*t**3 + 31*t**2 - 2 - t + 4*t**3. Calculate z(-5).
3
Let m(w) = w**2 + 5*w - 6. Suppose v + 6 = -2*v. Let k be 4 + v + 2 + 0. Suppose c + 3*c = -k*a - 8, 3*c =